at is -38a (base 12) in base 5?
-4123
Convert 100010210 (base 3) to base 12.
3a33
4242 (base 5) to base 12
3b8
Convert 28 (base 12) to base 13.
26
-1b12 (base 14) to base 13
-2312
Convert 405 (base 6) to base 12.
105
Convert -333230 (base 4) to base 13.
-1b17
What is -1bf (base 16) in base 15?
-1ec
Convert -101766 (base 9) to base 8.
-165765
Convert -1000001 (base 4) to base 14.
-16c9
What is 3372 (base 10) in base 6?
23340
-1232044 (base 6) to base 4
-100033330
What is -caa2 (base 13) in base 9?
-42587
What is 10084 (base 13) in base 15?
8764
What is 1022020 (base 5) in base 12?
9abb
62 (base 11) to base 15
48
321051 (base 6) to base 8
63067
Convert cd64 (base 16) to base 4.
30311210
What is 4101 (base 5) in base 10?
526
What is -2502 (base 10) in base 15?
-b1c
Convert -1130 (base 5) to base 2.
-10100101
Convert -182 (base 10) to base 6.
-502
Convert 65 (base 12) to base 13.
5c
What is 2101222 (base 3) in base 7?
5054
-13763 (base 8) to base 15
-1c3b
-11010101111101 (base 2) to base 11
-a319
What is -2799 (base 10) in base 9?
-3750
-1cc (base 13) to base 9
-414
What is -210130 (base 8) in base 10?
-69720
428 (base 13) to base 11
596
Convert -12408 (base 9) to base 15.
-271b
Convert -3144 (base 15) to base 13.
-4981
Convert 21300 (base 9) to base 13.
6552
What is 211002 (base 3) in base 5?
4341
What is -4c (base 13) in base 8?
-100
What is 777 (base 15) in base 6?
11451
12844 (base 12) to base 3
1021211121
Convert 4032 (base 5) to base 11.
430
What is -12010 (base 4) in base 9?
-471
What is 1981 (base 15) in base 5?
134041
Convert 1012112100 (base 3) to base 16.
5ca3
Convert 8333 (base 11) to base 12.
6487
-58a9 (base 13) to base 15
-3a6b
What is -111100000110 (base 2) in base 14?
-158a
14626 (base 9) to base 11
755a
What is 15015 (base 6) in base 4?
211103
Convert -1011100001110 (base 2) to base 11.
-4486
Convert -160 (base 10) to base 2.
-10100000
612 (base 15) to base 8
2527
Convert -323 (base 14) to base 13.
-388
-745 (base 12) to base 5
-13221
Convert -122011012 (base 3) to base 6.
-133522
What is 26595 (base 10) in base 13?
c14a
Convert -46b9 (base 15) to base 5.
-440044
Convert 21121 (base 3) to base 4.
3031
What is d5 (base 16) in base 11?
184
2518 (base 10) to base 5
40033
Convert 3122 (base 5) to base 8.
634
-10102 (base 4) to base 16
-112
Convert -1640 (base 9) to base 8.
-2343
Convert 11943 (base 10) to base 9.
17340
What is -1112021 (base 3) in base 13?
-679
2ab (base 15) to base 16
263
Convert -1413 (base 7) to base 13.
-333
Convert -4133412 (base 5) to base 10.
-67982
100001102 (base 3) to base 14
2595
-2372 (base 12) to base 16
-f86
3142442 (base 5) to base 6
1044440
254115 (base 6) to base 11
16268
Convert 12737 (base 8) to base 3.
21200101
Convert -11400 (base 5) to base 10.
-850
Convert 5843 (base 10) to base 5.
141333
13261 (base 7) to base 2
110111110011
1201200 (base 3) to base 5
20020
What is -541301 (base 6) in base 9?
-66801
What is -c8d (base 14) in base 4?
-212231
14519 (base 10) to base 4
3202313
Convert -425 (base 15) to base 13.
-56c
What is -37a (base 11) in base 7?
-1212
What is -6436 (base 11) in base 12?
-4b11
-1444 (base 5) to base 2
-11111001
Convert 255 (base 12) to base 5.
2403
-4724 (base 9) to base 10
-3505
Convert -21642 (base 8) to base 9.
-13455
Convert -2062 (base 10) to base 3.
-2211101
Convert 2285 (base 11) to base 3.
11010000
-33232 (base 4) to base 14
-51c
Convert -2240 (base 8) to base 2.
-10010100000
What is 1916 (base 15) in base 5?
133141
-100707 (base 9) to base 16
-e8e7
-12611 (base 7) to base 9
-4575
Convert -53b (base 13) to base 14.
-47d
What is 239 (base 13) in base 6?
1442
What is 3838 (base 10) in base 13?
1993
5655 (base 7) to base 6
13253
What is -3430334 (base 5) in base 13?
-21bca
What is -2031 (base 6) in base 7?
-1213
What is 101101011010000 (base 2) in base 5?
1220443
What is -1001011 (base 4) in base 10?
-4165
1212210 (base 3) to base 9
1783
What is 6b8 (base 14) in base 3?
1211120
Convert -26177 (base 10) to base 14.
-977b
100000111 (base 2) to base 10
263
What is -2979 (base 10) in base 12?
-1883
-11a4 (base 16) to base 4
-1012210
23441 (base 5) to base 16
6d2
Convert 3032 (base 13) to base 9.
10078
Convert -8a7 (base 14) to base 6.
-11535
Convert -672 (base 9) to base 13.
-335
Convert 305 (base 9) to base 5.
1443
e9 (base 15) to base 2
11011011
-14416 (base 9) to base 8
-23130
51 (base 7) to base 15
26
Convert 212 (base 6) to base 12.
68
Convert -4130 (base 7) to base 4.
-112202
Convert 11011101 (base 2) to base 12.
165
What is -3344 (base 6) in base 10?
-784
What is 302 (base 13) in base 12?
365
What is 3c43 (base 16) in base 8?
36103
-3225 (base 6) to base 7
-2102
Convert -361 (base 12) to base 5.
-4010
200312 (base 6) to base 16
3d34
-1101000100 (base 2) to base 16
-344
12435 (base 7) to base 12
1ab9
Convert -13243 (base 6) to base 12.
-1223
Convert 3203 (base 5) to base 12.
2b8
202200 (base 3) to base 4
20232
-44440 (base 5) to base 16
-c30
773 (base 9) to base 4
21321
Convert -6b (base 15) to base 9.
-122
What is 1200433 (base 6) in base 13?
2250c
What is -336 (base 7) in base 2?
-10101110
-11204 (base 10) to base 11
-8466
-181 (base 12) to base 15
-111
130010 (base 4) to base 2
11100000100
-112dc (base 15) to base 13
-1bb55
Convert 8849 (base 15) to base 2.
111000011000101
Convert 3210232 (base 4) to base 6.
151434
Convert -22210210 (base 3) to base 9.
-8723
11101101 (base 2) to base 8
355
Convert -2011200011 (base 3) to base 15.
-ca17
What is -3344 (base 6) in base 3?
-1002001
-16 (base 13) to base 6
-31
What is a8 (base 14) in base 6?
404
Convert -1043201 (base 5) to base 13.
-85a0
What is -2310100 (base 5) in base 4?
-22010323
-1100111110001 (base 2) to base 9
-10088
-10001010101100 (base 2) to base 3
-110011202
1a8 (base 11) to base 3
22212
-6b (base 14) to base 2
-1011111
Convert -101100001 (base 2) to base 8.
-541
What is 10 (base 5) in base 7?
5
-856 (base 10) to base 5
-11411
-15233 (base 8) to base 14
-26a7
Convert 1907 (base 10) to base 14.
9a3
80 (base 13) to base 11
95
What is 8715 (base 10) in base 2?
10001000001011
What is 2342 (base 9) in base 5?
23424
What is -35752 (base 8) in base 15?
-4828
Convert 11101 (base 3) to base 8.
166
15262 (base 8) to base 14
26c2
9855 (base 13) to base 10
21195
What is 1101101101111000 (base 2) in base 13?
1c75b
-33275 (base 8) to base 11
-a58a
What is 131053 (base 7) in base 12?
12147
-32323 (base 5) to base 8
-4245
1104501 (base 6) to base 15
11687
What is 1101000101100 (base 2) in base 13?
3085
Convert -3856 (base 11) to base 15.
-174c
552 (base 9) to base 7
1214
What is -1101000100111100 (base 2) in base 4?
-31010330
3725 (base 8) to base 3
2202021
Convert 200010 (base 3) to base 9.
603
Convert -10656 (base 9) to base 8.
-15672
What is -78 (base 14) in base 2?
-1101010
-2db (base 16) to base 14
-3a3
2433 (base 8) to base 6
10015
What is -8478 (base 9) in base 7?
-24104
Convert -15471 (base 8) to base 3.
-100120010
Convert -12654 (base 8) to base 10.
-5548
What is -43 (base 7) in base 11?
-29
What is 1a09 (base 13) in base 3?
12100022
What is -110740 (base 8) in base 6?
-444520
What is -240 (base 7) in base 3?
-11200
Convert -2512 (base 10) to base 3.
-10110001
-558a (base 12) to base 8
-22372
What is -18d6 (base 15) in base 16?
-1500
Convert -266 (base 7) to base 10.
-146
12302 (base 4) to base 9
532
-1166 (base 9) to base 3
-1012020
What is -102052 (base 7) in base 10?
-17530
Convert 1496 (base 16) to base 9.
7205
Convert -343 (base 11) to base 6.
-1522
What is -456 (base 9) in base 8?
-567
8a6 (base 15) to base 8
3644
Convert -110110101 (base 2) to base 5.
-3222
1111000110 (base 2) to base 5
12331
What is 101111110 (base 2) in base 6?
1434
Convert -1a57 (base 11) to base 13.
-1253
What is 11000011111 (base 2) in base 8?
3037
What is -120221 (base 3) in base 10?
-430
10022201 (base 3) to base 9
3281
What is 875c (base 15) in base 7?
146364
3a27 (base 11) to base 7
21153
What is -1213131 (base 4) in base 14?
-25ad
What is db9 (base 14) in base 16?
a97
9382 (base 16) to base 6
450454
What is -6720 (base 10) in base 6?
-51040
What is -23a (base 15) in base 5?
-4010
Convert 1361 (base 12) to base 11.
1750
Convert 43f (base 16) to base 5.
13322
Convert -12c1c (base 14) to base 5.
-2440112
Convert -6d6 (base 16) to b